 15*m - 12. Let q be o(7). What are the prime factors of p(q)?
3, 11
Let a(i) = i**3 - 7*i**2 + 17*i - 7. Suppose 0 = -2*b + 4*y + y + 39, -5*y - 25 = 0. What are the prime factors of a(b)?
2, 7
Suppose -3*o = -x + 1648, -101*o - 6564 = -4*x - 96*o. What are the prime factors of x?
2, 409
Suppose 25*n - 20*n - 1565 = 0. List the prime factors of n.
313
Suppose -48 = -r + 4*b, -5*b = 2*r - r - 30. Suppose -4*q + t + 3*t + 4 = 0, 0 = -4*q + 5*t - 1. Suppose 0 = -q*p + 8*p - r. List the prime factors of p.
2, 5
Suppose -1549 = -2*v + o, 3946 - 1626 = 3*v - 5*o. List the prime factors of v.
5, 31
Let z = -281 - -723. List the prime factors of z.
2, 13, 17
Suppose 0 = 4*z - n - 2751 - 17910, 2*n = -10. List the prime factors of z.
2, 1291
Suppose 5 + 10 = 5*g. Suppose 5*s = -9*a + 4*a + 1000, a - 610 = -g*s. Suppose -2*b + 4*d - 21 = -129, s = 5*b + 3*d. What are the prime factors of b?
2, 11
Let o = 52 - 0. Let f = o - 8. What are the prime factors of f?
2, 11
Let n(z) = 173*z**3 - 6*z**2 + 18*z - 4. What are the prime factors of n(2)?
2, 3, 29
Let p be 2 + 2/(-2) - -30. Let s = p + -13. Suppose h + s = 2*h. What are the prime factors of h?
2, 3
Let f(o) = -26*o - 22. Let i(s) = -s**2 + 5*s - 1. Let a be i(6). What are the prime factors of f(a)?
2, 5
Let m = 963 + -513. List the prime factors of m.
2, 3, 5
Let u = 2534 - 1057. Let q = u - 845. List the prime factors of q/9 - (-4)/(-18).
2, 5, 7
Let w = 85 - 72. Suppose 570 = w*m - 808. What are the prime factors of m?
2, 53
List the prime factors of (-1 - (-142)/6)/(2/3).
2, 17
Let c(o) = -3*o - 12. Let k be c(15). Let l = k - -104. List the prime factors of l.
47
Let s be 1/(2*2/(-152)). Let p = -27 - s. What are the prime factors of p?
11
Let r(x) = x**3 - 14*x**2 - 14*x - 8. Let v be r(15). Suppose -1313 - 717 = -v*y. What are the prime factors of y?
2, 5, 29
Let u(n) = 10*n - 281. What are the prime factors of u(49)?
11, 19
Let f = 108 - 175. Let k = -95 - f. Let w = 51 + k. List the prime factors of w.
23
Let r = -38 + 77. Suppose -2*k + 261 - r = 0. Let q = k + -76. List the prime factors of q.
5, 7
What are the prime factors of (4/6)/(12/6714)?
373
Let a(w) = -4*w**3 + 43*w**2 - 10*w - 27. What are the prime factors of a(10)?
173
Let s(w) = 8*w + 5. Let d = -16 - -22. Let k(v) = -15*v - 10. Let a(g) = d*k(g) + 11*s(g). List the prime factors of a(-10).
3, 5
Let b = 5 + -2. Suppose -2*d - b*d = -20. Suppose -d*g - 330 = -10*g. List the prime factors of g.
5, 11
Suppose 9*b - 10*b + 9059 = 5*t, -2*b = -8. List the prime factors of t.
1811
Let s = -494 - -1052. What are the prime factors of s?
2, 3, 31
Let r(w) = -w**2 + w - 1. Let f be r(-4). Suppose -54*k + 53*k + 31 = 0. Let d = k + f. What are the prime factors of d?
2, 5
Suppose -4*m + 8293 = 6*b - b, 8277 = 5*b - 4*m. List the prime factors of b.
1657
Suppose 20 + 16 = 3*v. Let o = 13 + v. What are the prime factors of o?
5
Suppose -117*u + 18768 = -100*u. List the prime factors of u.
2, 3, 23
Let g(d) = -d**2 + 7*d + 4. Let u be g(7). Suppose -l - 6*m = -2*m - 61, -3*l + u*m = -183. List the prime factors of l.
61
Let a = -35 + 55. Suppose 181 - 31 = 3*p + 3*x, -4*x = -a. List the prime factors of (3 - p)/(-2) + 4.
5
Suppose -5*s - 2*n + 12 + 2 = 0, 0 = -n - 3. List the prime factors of 174/2 - (s + -1).
2, 3, 7
Let c(q) = 7*q**3 - q**2 - q - 1. List the prime factors of c(4).
7, 61
What are the prime factors of (2 + 6 + -9)*(1 + -792)?
7, 113
Let a = 2804 - 1875. What are the prime factors of a?
929
Let n be -4*(42/8)/(-7). What are the prime factors of (-1)/4 + n + (-834)/(-8)?
107
Let g = 188 + 59. What are the prime factors of g?
13, 19
Let o(g) = -g**2 + 25*g - 13. What are the prime factors of o(13)?
11, 13
Let h be (-9)/3 + 5 - -511. Let u = h + -320. List the prime factors of u.
193
Let o be -2*(-4 + 2 - -1). Suppose -1310 = -5*b + o*f, -3*b + 795 = f - 4*f. List the prime factors of b.
2, 5, 13
Let b(x) = -28*x**3 - x**2 + 22*x - 26. List the prime factors of b(-5).
3, 7, 53
Let t(l) = -34*l**3 - 2*l**2 - 12*l + 6. List the prime factors of t(-5).
2, 3, 79
Let r(y) = 3*y**2 + 47*y + 55. What are the prime factors of r(-21)?
17, 23
Let c = 14 + -11. Let u be 1/(-3) + (-311)/c. List the prime factors of (u/16)/(2/(-4)).
13
Suppose 2*u - 3*j = 28, 1 = 4*u - 5*j - 55. Suppose -11*l + u*l = 123. What are the prime factors of l?
41
Let p = -55 - -57. List the prime factors of (-6)/p - (-21 + -5).
23
Suppose 4*z - 4 - 4 = 0. Suppose 0*f + 5*y = 4*f + 18, 4*f + z = -3*y. Let r = f + 31. List the prime factors of r.
29
Let q(v) be the first derivative of v**4/12 + 5*v**3/6 - 2*v**2 - 4*v + 2. Let i(h) be the first derivative of q(h). What are the prime factors of i(-8)?
2, 5
Let a = -673 + 1210. List the prime factors of a.
3, 179
Suppose -3*g - 86 = -h - 5, 0 = 4*h + 4*g - 292. Let t = h - 29. List the prime factors of t.
2, 23
Suppose 0 = 3*g - 0*g - 5*f - 12, 2*f = 3*g - 12. Suppose -g*t = -t - 102. Let r = t - 11. List the prime factors of r.
23
Let y(c) = 8*c**2 + 202 + 0*c**3 - c**3 + 7*c - 200. What are the prime factors of y(8)?
2, 29
Let s(w) = 11*w**2 + 14*w - 13. Let d(p) = -5*p**2 - 7*p + 7. Let b(k) = 13*d(k) + 6*s(k). Let x be b(6). Suppose -x = g - 65. List the prime factors of g.
2, 29
Suppose 0 = -2*v - 3*z + 1227, -2445 = -4*v + 5*z - 2*z. Let x be v/7 - 16/(-28). Let g = x + -58. List the prime factors of g.
2, 3, 5
Let u = -12 - -15. Suppose -u*a - 199 = -7*a + y, 3*y - 53 = -a. Let o = a + 4. What are the prime factors of o?
2, 3
Suppose -50 = 43*d - 38*d. Let s(a) = -2*a + 10. What are the prime factors of s(d)?
2, 3, 5
Let m = -4 + -1. Let v(y) = y**2 - 3*y + 2. List the prime factors of v(m).
2, 3, 7
Suppose -56 = -2*p - 2*p. Let m = 207 - p. What are the prime factors of m?
193
Let k = 4 - 1. Suppose k*i + 3 = 4*i, 4*q - 219 = -i. Let l = 90 - q. List the prime factors of l.
2, 3
Suppose 9*l - 14718 - 11427 = 0. List the prime factors of l.
5, 7, 83
Let w = 2 - 11. What are the prime factors of (w + 4)*(0 - 15)?
3, 5
Let w = 3103 + -995. What are the prime factors of w?
2, 17, 31
List the prime factors of 7/(-49) + ((-58864)/28)/(-2).
1051
What are the prime factors of 1 - 1 - (-694 + -13 + 6)?
701
Suppose 2*q + x + 40 = -0*x, -52 = 2*q - 2*x. Let v = q + 40. Suppose 4*b = -2*a + 122, -3*a + v = -4*b + 145. What are the prime factors of b?
31
Let s = 367 - 389. Let x be -1*1*(-46)/2. Let w = x - s. What are the prime factors of w?
3, 5
Let i be 9/((-15)/5) + 7. List the prime factors of (-6)/4 - (1167/(-6) - i).
197
Let n = 50 - 51. Let y be (3 + -3)/(-1) + -10. What are the prime factors of (-15)/(n*(-2)/y)?
3, 5
Let j(y) = -y**2 + 487*y**3 + 9 - 494*y**3 + 3*y - 3*y**2. List the prime factors of j(-3).
3, 17
Let q = 14 - 24. Let l = q - -65. List the prime factors of l.
5, 11
Let z(x) = 7*x + 1. Suppose 2*y - 4*g + 6 = -2, -4*y - 7 = g. Let r be z(y). Let j = r - -18. List the prime factors of j.
5
Let w(g) = 5*g - 6. Suppose 8*s - 11*s = -15. Let t be w(s). Suppose 5*b + 4*u - 107 = 0, u + u = -b + t. List the prime factors of b.
23
Suppose -4*d + u + 0*u + 16 = 0, -5 = -3*d - u. Suppose -3*s + 2*t + 167 = 0, 96 = d*s + 3*t - 81. What are the prime factors of s?
3, 19
Suppose 4 + 1 = u. Suppose 22 - 2 = u*w. Suppose w*j + 13 = 3*h, 2*h - 2*j = -4*j + 4. What are the prime factors of h?
3
Let z be (-6)/(-4)*(9 - 7). Suppose z*s - 8*s + 905 = 0. List the prime factors of s.
181
Let v(z) = -z**3 - 5*z**2 - 5*z - 2. Let i be v(-3). Let s be i/(-20) + (-46)/(-8). Suppose -s*b = -2*b - 36. What are the prime factors of b?
3
Let u be 1 - (-61)/1 - 0. Suppose 4*w = 4*f - u - 86, 5*f = 2*w + 89. Let q = w - -54. List the prime factors of q.
2, 11
Suppose 0*z - z - 2139 = -5*r, 4*r = -4*z + 1716. Suppose 0 = 7*g - 510 - r. What are the prime factors of g?
2, 67
Let z(b) = -32*b + 1 - 9*b - 4. What are the prime factors of z(-1)?
2, 19
Let q(j) = -j - 8. Let l(c) = -3*c - 17. Let f(y) = -6*l(y) + 13*q(y). Suppose 2*h = 87 - 77. List the prime factors of f(h).
23
Suppose 0 = 5*l - 25 + 15. Suppose -l*d + 71 = -2*w - 69, 355 = 5*d - 4*w. What are the prime factors of d?
3, 5
Let v(b) = b**3 - 39*b**2 + 144*b - 23. List the prime factors of v(35).
3, 13
Suppose -4*q + 26*j - 29*j = -17, 4*q - 23 = 3*j. List the prime 